25826?
False
Is 29 a factor of 22700?
False
Is 199 a factor of 57420?
False
Does 42 divide 8400?
True
Is 19810 a multiple of 44?
False
Is 22 a factor of 11946?
True
Is 15 a factor of 117498?
False
Is 107 a factor of 928?
False
Is 13527 a multiple of 67?
False
Is 104 a factor of 3952?
True
Does 15 divide 11853?
False
Does 57 divide 399?
True
Is 14 a factor of 10421?
False
Is 76 a factor of 1596?
True
Is 14 a factor of 1106?
True
Does 63 divide 11148?
False
Is 5 a factor of 28350?
True
Is 862 a multiple of 101?
False
Is 2496 a multiple of 20?
False
Is 8 a factor of 183?
False
Is 537 a multiple of 4?
False
Is 167 a multiple of 58?
False
Does 13 divide 1222?
True
Does 104 divide 34141?
False
Does 3 divide 544?
False
Is 3526 a multiple of 41?
True
Is 19 a factor of 589?
True
Does 19 divide 3122?
False
Is 4753 a multiple of 7?
True
Does 185 divide 6584?
False
Is 121 a factor of 6897?
True
Is 1580 a multiple of 4?
True
Does 56 divide 392?
True
Is 7 a factor of 812?
True
Does 17 divide 5589?
False
Is 292 a factor of 143954?
False
Is 3 a factor of 133?
False
Does 55 divide 6776?
False
Does 5 divide 1835?
True
Is 51 a factor of 6895?
False
Is 368 a multiple of 16?
True
Does 2 divide 74?
True
Does 46 divide 2314?
False
Does 18 divide 3564?
True
Does 15 divide 18525?
True
Is 102 a factor of 52471?
False
Does 13 divide 1720?
False
Does 14 divide 795?
False
Does 132 divide 264?
True
Is 7 a factor of 1162?
True
Is 20 a factor of 1980?
True
Is 9165 a multiple of 13?
True
Is 33825 a multiple of 205?
True
Is 6 a factor of 114?
True
Does 25 divide 3500?
True
Is 1240 a multiple of 31?
True
Is 29 a factor of 18937?
True
Does 13 divide 5317?
True
Is 496 a multiple of 16?
True
Is 676 a multiple of 26?
True
Is 513 a multiple of 13?
False
Does 15 divide 148214?
False
Is 68 a factor of 2130?
False
Does 19 divide 3514?
False
Is 13452 a multiple of 19?
True
Is 218 a multiple of 6?
False
Does 3 divide 6242?
False
Is 901 a multiple of 15?
False
Is 108 a factor of 5400?
True
Is 3 a factor of 322?
False
Is 29 a factor of 870?
True
Is 268 a multiple of 29?
False
Is 9212 a multiple of 14?
True
Does 51 divide 204?
True
Is 21 a factor of 624?
False
Does 22 divide 1100?
True
Is 9450 a multiple of 30?
True
Does 4 divide 3823?
False
Is 2 a factor of 485?
False
Does 4 divide 4737?
False
Is 539 a multiple of 7?
True
Is 117658 a multiple of 12?
False
Is 13 a factor of 23600?
False
Does 200 divide 19400?
True
Is 12 a factor of 43?
False
Is 810 a multiple of 9?
True
Does 30 divide 1615?
False
Does 55 divide 6941?
False
Does 9 divide 137?
False
Is 43 a factor of 14307?
False
Does 18 divide 687?
False
Does 18 divide 513?
False
Is 6 a factor of 4375?
False
Does 9 divide 1379?
False
Is 27 a factor of 2545?
False
Is 4 a factor of 164?
True
Does 50 divide 43150?
True
Is 22 a factor of 615?
False
Is 6 a factor of 900?
True
Is 129 a factor of 44376?
True
Does 15 divide 21215?
False
Is 168 a factor of 39480?
True
Does 2 divide 50?
True
Is 1499 a multiple of 57?
False
Does 18 divide 48?
False
Is 5261 a multiple of 43?
False
Does 53 divide 1133?
False
Is 98560 a multiple of 220?
True
Is 18 a factor of 14796?
True
Does 21 divide 254?
False
Does 32 divide 1046?
False
Does 12 divide 7944?
True
Is 29 a factor of 714?
False
Does 5 divide 4906?
False
Is 1959 a multiple of 66?
False
Is 997 a multiple of 41?
False
Is 234 a multiple of 12?
False
Is 91 a factor of 818?
False
Is 8 a factor of 2856?
True
Does 42 divide 210?
True
Is 2807 a multiple of 29?
False
Does 262 divide 15631?
False
Does 3 divide 10515?
True
Is 5 a factor of 2414?
False
Does 221 divide 10829?
True
Is 30 a factor of 2819?
False
Is 9 a factor of 16209?
True
Is 8 a factor of 1845?
False
Does 19 divide 11539?
False
Does 11 divide 1061?
False
Is 18 a factor of 707?
False
Is 21 a factor of 41548?
False
Is 16 a factor of 1904?
True
Is 938 a multiple of 108?
False
Is 134 a factor of 7751?
False
Does 25 divide 10500?
True
Is 6902 a multiple of 29?
True
Is 95 a factor of 69255?
True
Is 15 a factor of 3390?
True
Is 9483 a multiple of 2?
False
Does 2 divide 5187?
False
Is 7776 a multiple of 162?
True
Is 1091 a multiple of 2?
False
Is 91 a factor of 29172?
False
Is 236 a multiple of 7?
False
Is 13 a factor of 3739?
False
Is 10 a factor of 322?
False
Is 745 a multiple of 4?
False
Is 3524 a multiple of 29?
False
Is 8 a factor of 675?
False
Does 14 divide 736?
False
Is 69 a factor of 902?
False
Is 47 a factor of 157?
False
Is 4082 a multiple of 13?
True
Is 984 a multiple of 12?
True
Is 46 a multiple of 3?
False
Is 386 a multiple of 8?
False
Is 67 a factor of 1340?
True
Is 13 a factor of 1525?
False
Is 13753 a multiple of 8?
False
Does 17 divide 24786?
True
Is 12 a factor of 3672?
True
Is 20 a factor of 1540?
True
Is 9 a factor of 1674?
True
Is 475 a multiple of 15?
False
Is 13 a factor of 14732?
False
Is 7 a factor of 15?
False
Is 12 a factor of 857?
False
Is 2 a factor of 333?
False
Is 17791 a multiple of 248?
False
Does 15 divide 4785?
True
Does 10 divide 18910?
True
Is 8 a factor of 3736?
True
Is 28260 a multiple of 15?
True
Is 153 a factor of 5226?
False
Is 15 a factor of 330?
True
Is 8 a factor of 519?
False
Is 76 a factor of 3147?
False
Does 29 divide 7657?
False
Is 126 a factor of 24804?
False
Is 34 a factor of 476?
True
Is 377 a multiple of 29?
True
Is 1539 a multiple of 14?
False
Is 5 a factor of 540?
True
Is 36 a factor of 191?
False
Is 13752 a multiple of 79?
False
Is 11348 a multiple of 20?
False
Is 42 a factor of 630?
True
Is 10507 a multiple of 23?
False
Is 47 a factor of 1312?
False
Is 245 a multiple of 49?
True
Does 5 divide 3530?
True
Is 14946 a multiple of 159?
True
Is 62 a multiple of 31?
True
Does 13 divide 115380?
False
Is 300 a multiple of 20?
True
Is 3771 a multiple of 11?
False
Is 1096 a multiple of 19?
False
Does 31 divide 9207?
True
Does 43 divide 11739?
True
Does 15 divide 8098?
False
Is 2356 a multiple of 6?
False
Is 11 a factor of 110?
True
Is 3723 a multiple of 64?
False
Is 5162 a multiple of 11?
False
Is 5456 a multiple of 46?
False
Is 168 a multiple of 7?
True
Is 2662 a multiple of 4?
False
Does 6 divide 342?
True
Is 7829 a multiple of 41?
False
Is 18362 a multiple of 19?
False
Is 41 a factor of 26238?
False
Is 82 a factor of 3512?
False
Does 8 divide 1246?
False
Is 53 a factor of 2028?
False
Is 206 a multiple of 8?
False
Does 119 divide 20153?
False
Is 7 a factor of 140?
True
Is 16985 a multiple of 3?
False
Is 16 a factor of 87157?
False
Is 39 a factor of 17978?
False
Is 14 a factor of 378?
True
Is 33 a factor of 339?
False
Is 30 a factor of 1097?
False
Does 8 divide 4094?
False
Does 24 divide 33096?
True
Is 1950 a multiple of 5?
True
Is 140 a multiple of 4?
True
Is 3 a factor of 52?
False
Is 94 a factor of 1531?
False
Is 156 a factor of 9828?
True
Does 66 divide 4802?
False
Does 7 divide 5103?
True
Does 15 divide 2355?
True
Does 33 divide 35316?
False
Is 3341 a multiple of 13?
True
Is 6 a factor of 627?
False
Is 129 a factor of 6063?
True
Does 143 divide 9152?
True
Is 448 a multiple of 14?
True
Does 8 divide 17870?
False
Is 162 a multiple of 18?
True
Is 1950 a multiple of 9?
False
Is 576 a multiple of 2?
True
Is 2800 a multiple of 2?
True
Does 26 divide 3181?
False
Does 101 divide 23634?
True
Is 9 a factor of 66?
False
Is 20454 a multiple of 42?
True
Is 615 a multiple of 9?
False
Is 106 a factor of 10357?
False
Is 38 a factor of 76?
True
Is 5 a factor of 2984?
False
Is 19 a factor of 7579?
False
Is 728 a multiple of 56?
True
Does 9 divide 2762?
False
Does 81 divide 3977?
False
Is 5 a factor of 1415?
True
Is 95 a factor of 5130?
True
Is 79 a factor of 1027?
True
Is 11 a factor of 25?
False
Does 25 divide 38850?
True
Is 63 a factor of 1953?
True
Is 555 a multiple of 135?
False
Is 37851 a multiple of 5?
False
Is 200 a factor of 22000?
True
Is 12 a factor of 8929?
False
Is 957 a multiple of 33?
True
Does 3 divide 252?
True
Is 504 a multiple of 8?
True
Is 39109 a multiple of 15?
False
Is 16 a factor of 39684?
False
Is 22 a factor of 154?
True
Does 6 divide 174?
True
Does 5 divide 1343?
False
Is 384 a multiple of 9?
False
Is 21684 a multiple of 156?
True
Is 3 a factor of 1164?
True
Is 12048 a multiple of 16?
True
Is 9818 a multiple of 101?
False
Does 36 divide 23796?
True
Is 5720 a multiple of 13?
True
Is 93 a factor of